is the remainder when 1079026 is divided by 1291?
1041
What is the remainder when 21305 is divided by 17154?
4151
What is the remainder when 13944478 is divided by 2090?
2088
Calculate the remainder when 5784111 is divided by 771.
69
What is the remainder when 989212 is divided by 8527?
80
What is the remainder when 1008038 is divided by 2545?
218
Calculate the remainder when 7502296 is divided by 19286.
42
What is the remainder when 238394 is divided by 12540?
134
What is the remainder when 32129 is divided by 15994?
141
Calculate the remainder when 334864 is divided by 318.
10
What is the remainder when 68379155 is divided by 102364?
3
Calculate the remainder when 132954 is divided by 2824.
226
Calculate the remainder when 7906680 is divided by 91.
54
What is the remainder when 4405634 is divided by 29?
12
What is the remainder when 24355 is divided by 175?
30
Calculate the remainder when 20181 is divided by 1537.
200
Calculate the remainder when 24556752 is divided by 17.
14
What is the remainder when 17095583 is divided by 32?
31
What is the remainder when 129547 is divided by 2444?
15
Calculate the remainder when 571535 is divided by 3711.
41
Calculate the remainder when 12970008 is divided by 4323329.
21
What is the remainder when 3327480 is divided by 506?
24
Calculate the remainder when 55274309 is divided by 2207.
2201
Calculate the remainder when 185323 is divided by 184690.
633
What is the remainder when 227165 is divided by 1817?
40
What is the remainder when 27905645 is divided by 234501?
26
What is the remainder when 334118516 is divided by 72?
68
Calculate the remainder when 21961832 is divided by 1464122.
2
What is the remainder when 11722769 is divided by 829?
709
Calculate the remainder when 475291 is divided by 1059.
859
Calculate the remainder when 27101391 is divided by 4907.
30
What is the remainder when 1415430 is divided by 271?
268
Calculate the remainder when 410485 is divided by 2332.
53
Calculate the remainder when 3269714 is divided by 1122.
206
What is the remainder when 22722385 is divided by 4218?
19
What is the remainder when 848455 is divided by 5545?
70
What is the remainder when 1645136 is divided by 693?
647
What is the remainder when 8290783 is divided by 388?
387
What is the remainder when 31044895 is divided by 11693?
11673
What is the remainder when 1690432 is divided by 130032?
16
Calculate the remainder when 21334 is divided by 3534.
130
Calculate the remainder when 265146 is divided by 434.
406
Calculate the remainder when 18571118 is divided by 270.
248
What is the remainder when 12249 is divided by 200?
49
What is the remainder when 21231 is divided by 2153?
1854
What is the remainder when 11034858 is divided by 220697?
8
Calculate the remainder when 12105796 is divided by 931214.
14
Calculate the remainder when 16040929 is divided by 3769.
65
What is the remainder when 2275997636 is divided by 23?
22
Calculate the remainder when 113202 is divided by 14098.
418
Calculate the remainder when 5072156 is divided by 58.
56
Calculate the remainder when 947385 is divided by 446.
81
Calculate the remainder when 1663680 is divided by 57.
21
Calculate the remainder when 56273855 is divided by 225.
5
Calculate the remainder when 39425039 is divided by 19712509.
21
What is the remainder when 19383773 is divided by 58?
57
Calculate the remainder when 1614992 is divided by 202.
2
Calculate the remainder when 479950 is divided by 93.
70
What is the remainder when 49401 is divided by 591?
348
Calculate the remainder when 5686589 is divided by 1421630.
69
What is the remainder when 10875 is divided by 591?
237
Calculate the remainder when 234496805 is divided by 474.
473
What is the remainder when 7996513 is divided by 14?
7
Calculate the remainder when 429334 is divided by 208.
22
Calculate the remainder when 189179 is divided by 18905.
129
What is the remainder when 214346 is divided by 413?
412
Calculate the remainder when 11562301 is divided by 415.
401
Calculate the remainder when 127194 is divided by 13912.
1986
Calculate the remainder when 117923490 is divided by 3997.
3996
What is the remainder when 145013 is divided by 72379?
255
What is the remainder when 40457128 is divided by 16157?
0
Calculate the remainder when 102439858 is divided by 667.
664
Calculate the remainder when 2909484 is divided by 4833.
18
What is the remainder when 6205868 is divided by 2068620?
8
Calculate the remainder when 544296 is divided by 405.
381
Calculate the remainder when 3963689 is divided by 3963679.
10
What is the remainder when 9500417 is divided by 26?
17
What is the remainder when 564254 is divided by 4741?
75
What is the remainder when 127135 is divided by 896?
799
What is the remainder when 95050 is divided by 3726?
1900
What is the remainder when 1898034 is divided by 2755?
2594
What is the remainder when 355257122 is divided by 153?
149
What is the remainder when 292245 is divided by 10823?
24
Calculate the remainder when 149818 is divided by 49903.
109
Calculate the remainder when 4077999 is divided by 377.
367
What is the remainder when 435506 is divided by 22918?
64
Calculate the remainder when 26461 is divided by 2438.
2081
What is the remainder when 1127192 is divided by 11050?
92
Calculate the remainder when 2852834 is divided by 665.
649
Calculate the remainder when 4011252 is divided by 16045.
2
Calculate the remainder when 7991841 is divided by 2286.
2271
What is the remainder when 761926 is divided by 191?
27
What is the remainder when 18529556 is divided by 8832?
20
What is the remainder when 42652283 is divided by 28?
23
What is the remainder when 134024749 is divided by 40?
29
Calculate the remainder when 241579 is divided by 47827.
2444
Calculate the remainder when 56925264 is divided by 445.
419
What is the remainder when 8696229 is divided by 168?
45
What is the remainder when 185958543 is divided by 17?
14
What is the remainder when 8012145 is divided by 7317?
30
What is the remainder when 57530 is divided by 3938?
2398
What is the remainder when 228286 is divided by 1587?
1345
What is the remainder when 7781938 is divided by 864657?
25
Calculate the remainder when 27426767 is divided by 222.
221
What is the remainder when 540632 is divided by 30028?
128
Calculate the remainder when 226750 is divided by 761.
733
Calculate the remainder when 112661 is divided by 16069.
178
Calculate the remainder when 424072 is divided by 424059.
13
Calculate the remainder when 4043894 is divided by 143.
140
Calculate the remainder when 97689 is divided by 12168.
345
Calculate the remainder when 6245087 is divided by 1040844.
23
Calculate the remainder when 485205 is divided by 18636.
669
What is the remainder when 2068433 is divided by 33?
26
What is the remainder when 8856626 is divided by 11?
9
What is the remainder when 546942 is divided by 913?
55
Calculate the remainder when 130768081 is divided by 23828.
17
What is the remainder when 19001812 is divided by 9500881?
50
What is the remainder when 3758287 is divided by 46?
41
What is the remainder when 7926044 is divided by 12601?
15
What is the remainder when 3120602 is divided by 328?
10
Calculate the remainder when 523277 is divided by 3685.
7
Calculate the remainder when 405886 is divided by 615.
601
Calculate the remainder when 116439 is divided by 4009.
178
What is the remainder when 1264848 is divided by 953?
217
What is the remainder when 9557329 is divided by 324?
301
What is the remainder when 29868467 is divided by 10?
7
What is the remainder when 3406618 is divided by 7187?
7167
What is the remainder when 23408199 is divided by 52?
35
Calculate the remainder when 27291700 is divided by 3.
1
Calculate the remainder when 3711 is divided by 3277.
434
Calculate the remainder when 13690357 is divided by 225.
7
Calculate the remainder when 12128182 is divided by 18.
16
Calculate the remainder when 129140524 is divided by 722.
716
What is the remainder when 146081890 is divided by 48693962?
4
Calculate the remainder when 418889 is divided by 4274.
37
What is the remainder when 16041 is divided by 11581?
4460
Calculate the remainder when 5352336 is divided by 162189.
99
What is the remainder when 3441064 is divided by 4766?
12
Calculate the remainder whe